{"id":741,"date":"2021-08-23T06:57:46","date_gmt":"2021-08-23T06:57:46","guid":{"rendered":"https:\/\/prosper.caliberthemes.com\/agency\/?page_id=741"},"modified":"2025-07-31T15:27:25","modified_gmt":"2025-07-31T13:27:25","slug":"about-us","status":"publish","type":"page","link":"https:\/\/naothir.com\/index.php\/about-us\/","title":{"rendered":"About us"},"content":{"rendered":"\t\t<div data-elementor-type=\"wp-page\" data-elementor-id=\"741\" class=\"elementor elementor-741\">\n\t\t\t\t\t\t<section class=\"elementor-section elementor-top-section elementor-element elementor-element-929314e elementor-section-stretched elementor-section-height-min-height elementor-section-boxed elementor-section-height-default elementor-section-items-middle\" data-id=\"929314e\" data-element_type=\"section\" data-settings=\"{&quot;background_background&quot;:&quot;classic&quot;,&quot;stretch_section&quot;:&quot;section-stretched&quot;}\">\n\t\t\t\t\t\t\t<div class=\"elementor-background-overlay\"><\/div>\n\t\t\t\t\t\t\t<div class=\"elementor-container elementor-column-gap-default\">\n\t\t\t\t\t<div class=\"elementor-column elementor-col-100 elementor-top-column elementor-element elementor-element-eadd2a8\" data-id=\"eadd2a8\" data-element_type=\"column\" data-settings=\"{&quot;background_background&quot;:&quot;classic&quot;}\">\n\t\t\t<div class=\"elementor-widget-wrap elementor-element-populated\">\n\t\t\t\t\t\t<div class=\"elementor-element elementor-element-5279717 elementor-widget elementor-widget-heading\" data-id=\"5279717\" data-element_type=\"widget\" data-widget_type=\"heading.default\">\n\t\t\t\t<div class=\"elementor-widget-container\">\n\t\t\t<h1 class=\"elementor-heading-title elementor-size-default\">Passion &amp; Expertise<\/h1>\t\t<\/div>\n\t\t\t\t<\/div>\n\t\t\t\t\t<\/div>\n\t\t<\/div>\n\t\t\t\t\t<\/div>\n\t\t<\/section>\n\t\t\t\t<section class=\"elementor-section elementor-top-section elementor-element elementor-element-a3da3a7 elementor-section-boxed elementor-section-height-default elementor-section-height-default\" data-id=\"a3da3a7\" data-element_type=\"section\">\n\t\t\t\t\t\t<div class=\"elementor-container elementor-column-gap-default\">\n\t\t\t\t\t<div class=\"elementor-column elementor-col-50 elementor-top-column elementor-element elementor-element-14bcac7\" data-id=\"14bcac7\" data-element_type=\"column\">\n\t\t\t<div class=\"elementor-widget-wrap elementor-element-populated\">\n\t\t\t\t\t\t<div class=\"elementor-element elementor-element-e3f5eb8 elementor-widget__width-initial elementor-widget elementor-widget-clbr-team-member-widget\" data-id=\"e3f5eb8\" data-element_type=\"widget\" data-widget_type=\"clbr-team-member-widget.default\">\n\t\t\t\t<div class=\"elementor-widget-container\">\n\t\t\t\t\t\r\n\t\t<div class=\"clbr-team-member\" >\r\n\r\n\t\t\t<div class=\"clbr-member-img-wrap\">\r\n\t\t\t\t\r\n\t\t\t\t<img fetchpriority=\"high\" decoding=\"async\" width=\"752\" height=\"1188\" src=\"https:\/\/naothir.com\/wp-content\/uploads\/2025\/07\/Capucine-NaotHir.png\" class=\"attachment-full size-full wp-image-5340\" alt=\"Capucine\" srcset=\"https:\/\/naothir.com\/wp-content\/uploads\/2025\/07\/Capucine-NaotHir.png 752w, https:\/\/naothir.com\/wp-content\/uploads\/2025\/07\/Capucine-NaotHir-190x300.png 190w, https:\/\/naothir.com\/wp-content\/uploads\/2025\/07\/Capucine-NaotHir-648x1024.png 648w, https:\/\/naothir.com\/wp-content\/uploads\/2025\/07\/Capucine-NaotHir-600x948.png 600w\" sizes=\"(max-width: 752px) 100vw, 752px\" \/>\r\n\t\t\t\t<div class=\"clbr-member-img-overlay\">\r\n\r\n\t\t\t\t\t<span class=\"spacer\"><\/span>\r\n\r\n\t\t\t\t\t<span>Capucine Burtschell<\/span>\r\n\r\n\t\t\t\t\t\r\n\t\t<div class=\"clbr-member-social-profile\">\r\n\r\n\t\t\t\t\t\t\r\n\t\t<\/div>\t\t\r\n\r\n\t\t\t\t\t\t\t\t\t\t\t\r\n\t\t\t\t<\/div>\r\n\r\n\t\t\t<\/div>\r\n\r\n\t\t\t\r\n\t\t<div class=\"clbr-member-info\">\r\n\t\t\t<h3 class=\"clbr-member-name\"><\/h3>\r\n\t\t\t<div class=\"clbr-member-position\"><\/div>\r\n\t\t<\/div>\r\n\r\n\t\t\t\t\r\n\r\n\t\t<\/div>\r\n\t\r\n\t\r\n\t\t\t<\/div>\n\t\t\t\t<\/div>\n\t\t\t\t\t<\/div>\n\t\t<\/div>\n\t\t\t\t<div class=\"elementor-column elementor-col-50 elementor-top-column elementor-element elementor-element-6e38d1b\" data-id=\"6e38d1b\" data-element_type=\"column\">\n\t\t\t<div class=\"elementor-widget-wrap elementor-element-populated\">\n\t\t\t\t\t\t<div class=\"elementor-element elementor-element-f69c5ef elementor-widget elementor-widget-text-editor\" data-id=\"f69c5ef\" data-element_type=\"widget\" data-widget_type=\"text-editor.default\">\n\t\t\t\t<div class=\"elementor-widget-container\">\n\t\t\t\t\t\t\t<p>D\u00e9coratrice et graphiste depuis 2015, je suis sp\u00e9cialis\u00e9e dans la (re)cr\u00e9ation d&rsquo;espaces pour le secteur CHRB tels que caf\u00e9s, restaurants, brasseries et bistrots depuis une d\u00e9cennie. Ma mission est de redonner vie \u00e0 ces lieux en leur insufflant une \u00e2me authentique ou en cr\u00e9ant celle qui leur manque.<\/p>\n<p>Apr\u00e8s la r\u00e9alisation de plus d&rsquo;une vingtaine d&rsquo;adresses parisiennes avec le collectif EMMAROUX et la cr\u00e9ation de nombreuses identit\u00e9s visuelles, j&rsquo;ai d\u00e9cid\u00e9 de cr\u00e9er le Studio NaotHir en 2024. Cette nouvelle aventure me permet de retrouver mes racines en Finist\u00e8re tout en restant disponible pour des projets exaltants \u00e0 travers la France.<\/p>\n<p>Forte d&rsquo;une approche ax\u00e9e sur le client et d&rsquo;une attention aux d\u00e9tails, je propose des services sur mesure de d\u00e9coration int\u00e9rieure et de conception graphique.<\/p>\n<p>Un projet de cr\u00e9ation d&rsquo;un nouveau lieu ? Un besoin d&rsquo;une nouvelle identit\u00e9 ? Que ce soit \u00e0 Paris, en Finist\u00e8re, ou ailleurs en France, je suis pr\u00eate \u00e0 relever de nouveaux d\u00e9fis. N&rsquo;h\u00e9sitez pas \u00e0 me contacter pour en parler ensemble et donner vie \u00e0 vos id\u00e9es, o\u00f9 que vous soyez.<\/p>\t\t\t\t\t\t<\/div>\n\t\t\t\t<\/div>\n\t\t\t\t\t<\/div>\n\t\t<\/div>\n\t\t\t\t\t<\/div>\n\t\t<\/section>\n\t\t\t\t<section class=\"elementor-section elementor-top-section elementor-element elementor-element-22c0701 elementor-section-boxed elementor-section-height-default elementor-section-height-default\" data-id=\"22c0701\" data-element_type=\"section\">\n\t\t\t\t\t\t<div class=\"elementor-container elementor-column-gap-no\">\n\t\t\t\t\t<div class=\"elementor-column elementor-col-100 elementor-top-column elementor-element elementor-element-21b0759\" data-id=\"21b0759\" data-element_type=\"column\">\n\t\t\t<div class=\"elementor-widget-wrap\">\n\t\t\t\t\t\t\t<\/div>\n\t\t<\/div>\n\t\t\t\t\t<\/div>\n\t\t<\/section>\n\t\t\t\t<section class=\"elementor-section elementor-top-section elementor-element elementor-element-34b7525 elementor-section-full_width elementor-section-stretched elementor-section-height-default elementor-section-height-default\" data-id=\"34b7525\" data-element_type=\"section\" data-settings=\"{&quot;background_background&quot;:&quot;classic&quot;,&quot;stretch_section&quot;:&quot;section-stretched&quot;}\">\n\t\t\t\t\t\t\t<div class=\"elementor-background-overlay\"><\/div>\n\t\t\t\t\t\t\t<div class=\"elementor-container elementor-column-gap-default\">\n\t\t\t\t\t<div class=\"elementor-column elementor-col-100 elementor-top-column elementor-element elementor-element-592edeb\" data-id=\"592edeb\" data-element_type=\"column\">\n\t\t\t<div class=\"elementor-widget-wrap elementor-element-populated\">\n\t\t\t\t\t\t<div class=\"elementor-element elementor-element-b97313a elementor-widget elementor-widget-text-editor\" data-id=\"b97313a\" data-element_type=\"widget\" data-widget_type=\"text-editor.default\">\n\t\t\t\t<div class=\"elementor-widget-container\">\n\t\t\t\t\t\t\t<p><span style=\"color: #000000;\">Vous avez un projet en t\u00eate ?<\/span><\/p>\t\t\t\t\t\t<\/div>\n\t\t\t\t<\/div>\n\t\t\t\t<div class=\"elementor-element elementor-element-feac0df elementor-widget elementor-widget-clbr-button-widget\" data-id=\"feac0df\" data-element_type=\"widget\" data-widget_type=\"clbr-button-widget.default\">\n\t\t\t\t<div class=\"elementor-widget-container\">\n\t\t\t\t\t\r\n\t\t<div class=\"clbr-btn-wrapper\">\r\n\t\t\t<a class=\"clbr-btn clbr-btn-xl\" href=\"https:\/\/naothir.com\/index.php\/contact\/\">\r\n\t\t\t\t\t\r\n\r\n\t\t \r\n\r\n\t\t\t<span>Contactez moi<\/span>\t\t\r\n\r\n\t\t\r\n\r\n\t\t\t\t<\/a>\r\n\t\t<\/div>\r\n\t\t\r\n\t\t\t<\/div>\n\t\t\t\t<\/div>\n\t\t\t\t\t<\/div>\n\t\t<\/div>\n\t\t\t\t\t<\/div>\n\t\t<\/section>\n\t\t<div class=\"elementor-element elementor-element-b82b5a3 e-flex e-con-boxed e-con e-parent\" data-id=\"b82b5a3\" data-element_type=\"container\">\n\t\t\t\t\t<div class=\"e-con-inner\">\n\t\t\t\t\t<\/div>\n\t\t\t\t<\/div>\n\t\t\t\t<\/div>\n\t\t","protected":false},"excerpt":{"rendered":"<p>Passion &amp; Expertise Capucine Burtschell D\u00e9coratrice et graphiste depuis 2015, je suis sp\u00e9cialis\u00e9e dans la (re)cr\u00e9ation d&rsquo;espaces pour le secteur CHRB tels que caf\u00e9s, restaurants, brasseries et bistrots depuis une d\u00e9cennie. Ma mission est de redonner vie \u00e0 ces lieux en leur insufflant une \u00e2me authentique ou en cr\u00e9ant celle qui leur manque. Apr\u00e8s la [&hellip;]<\/p>\n","protected":false},"author":1,"featured_media":0,"parent":0,"menu_order":0,"comment_status":"closed","ping_status":"closed","template":"","meta":{"_monsterinsights_skip_tracking":false,"_monsterinsights_sitenote_active":false,"_monsterinsights_sitenote_note":"","_monsterinsights_sitenote_category":0,"footnotes":""},"class_list":["post-741","page","type-page","status-publish","hentry"],"aioseo_notices":[],"_links":{"self":[{"href":"https:\/\/naothir.com\/index.php\/wp-json\/wp\/v2\/pages\/741","targetHints":{"allow":["GET"]}}],"collection":[{"href":"https:\/\/naothir.com\/index.php\/wp-json\/wp\/v2\/pages"}],"about":[{"href":"https:\/\/naothir.com\/index.php\/wp-json\/wp\/v2\/types\/page"}],"author":[{"embeddable":true,"href":"https:\/\/naothir.com\/index.php\/wp-json\/wp\/v2\/users\/1"}],"replies":[{"embeddable":true,"href":"https:\/\/naothir.com\/index.php\/wp-json\/wp\/v2\/comments?post=741"}],"version-history":[{"count":172,"href":"https:\/\/naothir.com\/index.php\/wp-json\/wp\/v2\/pages\/741\/revisions"}],"predecessor-version":[{"id":5346,"href":"https:\/\/naothir.com\/index.php\/wp-json\/wp\/v2\/pages\/741\/revisions\/5346"}],"wp:attachment":[{"href":"https:\/\/naothir.com\/index.php\/wp-json\/wp\/v2\/media?parent=741"}],"curies":[{"name":"wp","href":"https:\/\/api.w.org\/{rel}","templated":true}]}}